e greatest common factor of 3220 and 80?
20
What is the greatest common divisor of 110 and 4?
2
What is the highest common divisor of 203 and 29?
29
What is the greatest common divisor of 713 and 253?
23
Calculate the highest common factor of 9 and 1161.
9
What is the greatest common factor of 72 and 312?
24
Calculate the highest common factor of 7686 and 126.
126
Calculate the highest common factor of 808 and 101.
101
What is the highest common factor of 52038 and 49?
49
Calculate the highest common factor of 72 and 24.
24
Calculate the greatest common factor of 296 and 23680.
296
Calculate the greatest common factor of 27 and 711.
9
Calculate the greatest common factor of 1350 and 40.
10
What is the greatest common factor of 74 and 9546?
74
What is the highest common factor of 4155 and 15?
15
What is the greatest common factor of 80 and 230?
10
Calculate the greatest common factor of 170 and 10.
10
What is the highest common factor of 12 and 69?
3
What is the greatest common divisor of 20557 and 122?
61
What is the greatest common factor of 344 and 80?
8
What is the greatest common factor of 38841 and 726?
363
What is the highest common divisor of 2000 and 8?
8
Calculate the highest common divisor of 112 and 4704.
112
Calculate the greatest common factor of 1183 and 91.
91
Calculate the greatest common factor of 406 and 35.
7
What is the greatest common divisor of 666 and 22?
2
What is the greatest common factor of 21 and 9?
3
What is the greatest common divisor of 801 and 89?
89
What is the greatest common divisor of 2989 and 637?
49
Calculate the greatest common factor of 26065 and 65.
65
What is the greatest common factor of 66 and 24?
6
What is the greatest common factor of 388 and 32?
4
Calculate the greatest common factor of 1054 and 170.
34
What is the highest common divisor of 1470 and 66?
6
Calculate the highest common divisor of 8096 and 2277.
253
What is the greatest common factor of 364 and 637?
91
What is the highest common divisor of 35 and 151515?
35
What is the highest common factor of 1178 and 2542?
62
What is the highest common factor of 196 and 28?
28
What is the greatest common divisor of 16 and 3?
1
Calculate the highest common divisor of 45 and 423.
9
What is the greatest common factor of 20 and 895?
5
Calculate the greatest common divisor of 66 and 44.
22
Calculate the greatest common factor of 1001 and 77.
77
Calculate the highest common factor of 1210 and 550.
110
Calculate the greatest common divisor of 925 and 111.
37
Calculate the greatest common factor of 74 and 111.
37
Calculate the highest common factor of 126 and 27.
9
What is the highest common factor of 22 and 33242?
22
What is the greatest common factor of 30 and 3135?
15
Calculate the greatest common factor of 1067 and 679.
97
What is the highest common factor of 216 and 1152?
72
Calculate the greatest common divisor of 176 and 1353.
11
Calculate the highest common divisor of 4061 and 62.
31
What is the highest common divisor of 135 and 189?
27
What is the highest common divisor of 8 and 20?
4
Calculate the greatest common factor of 8099 and 182.
91
Calculate the highest common divisor of 154 and 14.
14
Calculate the greatest common divisor of 2009 and 164.
41
What is the highest common factor of 34 and 527?
17
Calculate the greatest common divisor of 2450 and 56.
14
What is the greatest common factor of 6 and 258?
6
Calculate the greatest common factor of 63 and 30681.
63
Calculate the highest common factor of 155 and 806.
31
Calculate the greatest common divisor of 136 and 88.
8
Calculate the greatest common factor of 121 and 2057.
121
Calculate the highest common factor of 420 and 315.
105
Calculate the greatest common divisor of 3399 and 99.
33
Calculate the highest common factor of 24 and 5748.
12
What is the highest common divisor of 8586 and 212?
106
Calculate the highest common divisor of 344 and 24.
8
Calculate the highest common factor of 9 and 340.
1
What is the greatest common divisor of 6417 and 207?
207
Calculate the highest common divisor of 71 and 2.
1
Calculate the highest common divisor of 105 and 84.
21
What is the highest common factor of 12 and 39?
3
Calculate the highest common factor of 1029 and 42.
21
Calculate the greatest common divisor of 1687 and 10604.
241
Calculate the highest common divisor of 4482 and 108.
54
What is the greatest common factor of 140 and 80?
20
Calculate the greatest common factor of 1105 and 2380.
85
Calculate the greatest common divisor of 9 and 9.
9
Calculate the greatest common divisor of 1 and 47.
1
Calculate the highest common factor of 3376 and 32.
16
What is the highest common factor of 116 and 3422?
58
Calculate the greatest common divisor of 24 and 2568.
24
Calculate the greatest common divisor of 437 and 285.
19
What is the highest common divisor of 7569 and 36?
9
Calculate the highest common factor of 5125 and 82.
41
What is the highest common divisor of 1271 and 31?
31
What is the greatest common factor of 87 and 39?
3
What is the greatest common factor of 78 and 208?
26
Calculate the greatest common divisor of 320 and 192.
64
What is the greatest common divisor of 156 and 12051?
39
What is the greatest common factor of 40 and 220?
20
Calculate the greatest common divisor of 402 and 1474.
134
Calculate the greatest common factor of 3869 and 2774.
73
What is the greatest common divisor of 36 and 81?
9
What is the greatest common divisor of 83 and 1909?
83
What is the greatest common divisor of 2451 and 228?
57
Calculate the greatest common factor of 150 and 690.
30
Calculate the highest common divisor of 1600 and 100.
100
What is the greatest common divisor of 1891 and 61?
61
Calculate the highest common divisor of 1664 and 104.
104
What is the greatest common divisor of 913 and 33?
11
What is the highest common divisor of 1056 and 66?
66
Calculate the greatest common divisor of 4 and 1407.
1
What is the highest common factor of 8 and 7096?
8
What is the greatest common divisor of 27 and 864?
27
What is the greatest common divisor of 416 and 16?
16
What is the highest common divisor of 361 and 57?
19
What is the highest common divisor of 144 and 32?
16
Calculate the highest common divisor of 170 and 374.
34
What is the highest common divisor of 3 and 81?
3
What is the greatest common divisor of 59 and 295?
59
Calculate the greatest common factor of 24 and 3.
3
Calculate the greatest common divisor of 62 and 992.
62
What is the highest common divisor of 247 and 234?
13
Calculate the highest common divisor of 994 and 284.
142
What is the greatest common factor of 10 and 28?
2
Calculate the greatest common factor of 38 and 24719.
19
What is the greatest common factor of 609 and 348?
87
What is the greatest common divisor of 6398 and 28?
14
Calculate the greatest common divisor of 80 and 10.
10
Calculate the greatest common factor of 24 and 3624.
24
What is the greatest common divisor of 437 and 23?
23
Calculate the highest common divisor of 135 and 12.
3
Calculate the highest common factor of 1162 and 378.
14
Calculate the highest common factor of 448 and 14.
14
Calculate the greatest common factor of 138 and 1334.
46
What is the greatest common divisor of 26 and 39?
13
Calculate the greatest common divisor of 153 and 663.
51
Calculate the greatest common factor of 2676 and 12.
12
Calculate the greatest common factor of 25 and 800.
25
What is the highest common divisor of 12 and 60?
12
What is the highest common factor of 90 and 270?
90
Calculate the greatest common factor of 888 and 8584.
296
Calculate the highest common divisor of 20 and 324.
4
What is the highest common divisor of 115 and 5?
5
What is the highest common divisor of 725 and 275?
25
Calculate the greatest common factor of 8 and 1672.
8
What is the highest common factor of 27 and 774?
9
What is the highest common factor of 90 and 6?
6
Calculate the greatest common factor of 26 and 299.
13
What is the greatest common factor of 23 and 8027?
23
What is the greatest common divisor of 2 and 252?
2
Calculate the greatest common divisor of 709 and 17.
1
What is the greatest common divisor of 9633 and 171?
57
What is the greatest common divisor of 2121 and 21?
21
What is the greatest common factor of 17 and 1377?
17
Calculate the greate